{"id":701,"date":"2025-04-07T15:08:51","date_gmt":"2025-04-07T15:08:51","guid":{"rendered":"https:\/\/bewusst-erschaffen.com\/?page_id=701"},"modified":"2025-06-17T13:00:40","modified_gmt":"2025-06-17T13:00:40","slug":"pep","status":"publish","type":"page","link":"https:\/\/bewusst-erschaffen.com\/start\/pep\/","title":{"rendered":"Pep"},"content":{"rendered":"\t\t<div data-elementor-type=\"wp-post\" data-elementor-id=\"701\" class=\"elementor elementor-701\" data-elementor-post-type=\"page\">\n\t\t\t\t<div class=\"elementor-element elementor-element-dbb6bd7 e-grid e-con-boxed e-con e-parent\" data-id=\"dbb6bd7\" data-element_type=\"container\" data-e-type=\"container\" data-settings=\"{&quot;background_background&quot;:&quot;classic&quot;}\">\n\t\t\t\t\t<div class=\"e-con-inner\">\n\t\t<div class=\"elementor-element elementor-element-fc58b98 e-con-full e-flex e-con e-child\" data-id=\"fc58b98\" data-element_type=\"container\" data-e-type=\"container\">\n\t\t\t\t<div class=\"elementor-element elementor-element-5db82e9 elementor-widget elementor-widget-heading\" data-id=\"5db82e9\" data-element_type=\"widget\" data-e-type=\"widget\" data-widget_type=\"heading.default\">\n\t\t\t\t<div class=\"elementor-widget-container\">\n\t\t\t\t\t<h2 class=\"elementor-heading-title elementor-size-default\">PEP\u00ae-Klopftherapie im Coaching<\/h2>\t\t\t\t<\/div>\n\t\t\t\t<\/div>\n\t\t\t\t<div class=\"elementor-element elementor-element-1a57611 elementor-widget elementor-widget-text-editor\" data-id=\"1a57611\" data-element_type=\"widget\" data-e-type=\"widget\" data-widget_type=\"text-editor.default\">\n\t\t\t\t<div class=\"elementor-widget-container\">\n\t\t\t\t\t\t\t\t\t<p>Prozess- und Embodimentfokussierte Psychologie nach Dr. Med. Michael Bohne<\/p>\t\t\t\t\t\t\t\t<\/div>\n\t\t\t\t<\/div>\n\t\t\t\t<div class=\"elementor-element elementor-element-cf1b4b2 elementor-widget elementor-widget-heading\" data-id=\"cf1b4b2\" data-element_type=\"widget\" data-e-type=\"widget\" data-widget_type=\"heading.default\">\n\t\t\t\t<div class=\"elementor-widget-container\">\n\t\t\t\t\t<h2 class=\"elementor-heading-title elementor-size-default\">Mit Humor, Zuversicht und Leichtigkeit \u2013 schnell, effizient und nachhaltig zu positiven Ver\u00e4nderungen in allen Lebensbereichen<\/h2>\t\t\t\t<\/div>\n\t\t\t\t<\/div>\n\t\t\t\t<div class=\"elementor-element elementor-element-552ed87 elementor-widget elementor-widget-text-editor\" data-id=\"552ed87\" data-element_type=\"widget\" data-e-type=\"widget\" data-widget_type=\"text-editor.default\">\n\t\t\t\t<div class=\"elementor-widget-container\">\n\t\t\t\t\t\t\t\t\t<p>Die PEP\u00ae-Klopfmethode, entwickelt von Dr. med. Michael Bohne, ist eine ganzheitliche, moderne und hochwirksame Technik, die die Selbstwirksamkeit st\u00e4rkt und sich hervorragend in Psychotherapie, Coaching, Stressmedizin, psychosomatische Grundversorgung sowie Traumatherapie integrieren l\u00e4sst.<\/p><p>Sie kombiniert Elemente aus der Energetischen Psychologie \u2013 wie EFT, TFT und EdxTM \u2013 mit psychodynamischen, systemischen und hypnotherapeutischen Ans\u00e4tzen. Durch die Stimulation von Akupunkturpunkten und erg\u00e4nzende \u00dcbungen werden die neuronalen Netzwerke des Gehirns gezielt beeinflusst, um belastende Denkmuster und emotionale Blockaden zu l\u00f6sen und pers\u00f6nliches Wachstum zu f\u00f6rdern.<\/p>\t\t\t\t\t\t\t\t<\/div>\n\t\t\t\t<\/div>\n\t\t\t\t<\/div>\n\t\t\t\t\t<\/div>\n\t\t\t\t<\/div>\n\t\t<div class=\"elementor-element elementor-element-1cf49da e-grid e-con-boxed e-con e-parent\" data-id=\"1cf49da\" data-element_type=\"container\" data-e-type=\"container\" data-settings=\"{&quot;background_background&quot;:&quot;classic&quot;}\">\n\t\t\t\t\t<div class=\"e-con-inner\">\n\t\t<div class=\"elementor-element elementor-element-d3315d7 e-con-full e-flex e-con e-child\" data-id=\"d3315d7\" data-element_type=\"container\" data-e-type=\"container\">\n\t\t\t\t<div class=\"elementor-element elementor-element-c15c6ee elementor-widget elementor-widget-heading\" data-id=\"c15c6ee\" data-element_type=\"widget\" data-e-type=\"widget\" data-widget_type=\"heading.default\">\n\t\t\t\t<div class=\"elementor-widget-container\">\n\t\t\t\t\t<h2 class=\"elementor-heading-title elementor-size-default\">PEP\u00ae: Ganzheitliche Transformation auf vier Ebenen<\/h2>\t\t\t\t<\/div>\n\t\t\t\t<\/div>\n\t\t\t\t<div class=\"elementor-element elementor-element-b83e26a elementor-widget elementor-widget-text-editor\" data-id=\"b83e26a\" data-element_type=\"widget\" data-e-type=\"widget\" data-widget_type=\"text-editor.default\">\n\t\t\t\t<div class=\"elementor-widget-container\">\n\t\t\t\t\t\t\t\t\t<p>PEP\u00ae wirkt auf vier zentralen Ebenen, die eine ganzheitliche und tiefgreifende Transformation erm\u00f6glichen:<\/p><ul><li>Emotionsebene<\/li><li>Beziehungsebene<\/li><li>Unbewusste Ebene<\/li><li>Ebene der Identit\u00e4t und des Selbstwertgef\u00fchls<\/li><\/ul>\t\t\t\t\t\t\t\t<\/div>\n\t\t\t\t<\/div>\n\t\t\t\t<div class=\"elementor-element elementor-element-da440ff elementor-widget elementor-widget-text-editor\" data-id=\"da440ff\" data-element_type=\"widget\" data-e-type=\"widget\" data-widget_type=\"text-editor.default\">\n\t\t\t\t<div class=\"elementor-widget-container\">\n\t\t\t\t\t\t\t\t\t<p>Auf der <strong>Emotionsebene<\/strong> wird PEP\u00ae gezielt zur Affektregulation eingesetzt, um intensive Gef\u00fchle wie Angst, Wut, Trauer, Hilflosigkeit oder Ohnmacht aufzul\u00f6sen, was innerhalb k\u00fcrzester Zeit zu emotionaler Erleichterung f\u00fchren kann.<\/p><p>Auf der <strong>Beziehungsebene<\/strong> hilft PEP\u00ae dabei, destruktive Beziehungsblockaden (Selbst- und Fremdvorw\u00fcrfe, parafunktionale Loyalit\u00e4ten, ungesunde Erwartungshaltungen an andere und Altersregression) zu erkennen und zu ver\u00e4ndern. Diese Methode unterst\u00fctzt die Verbesserung der Selbstbeziehung durch gezielte Selbstakzeptanz\u00fcbungen, was sich erfahrungsgem\u00e4\u00df auch positiv auf alle anderen Beziehungen auswirkt.<\/p><p>Auf der <strong>unbewussten Ebene<\/strong> werden unbewusste Konflikte und Blockaden (Glaubenss\u00e4tze und Denkmuster) schnell identifiziert und bearbeitet, um sch\u00e4dliche Denkmuster, die das Verhalten steuern, zu transformieren. Diese Transformation geschieht mithilfe des Kognitions-Kongruenz-Tests, der somatische Marker und ideodynamische Reaktionen nutzt, um verborgene Blockaden aufzusp\u00fcren und zu \u00fcberwinden.<\/p><p>Auf der <strong>Identit\u00e4ts- und Selbstwert-Ebene<\/strong> wird durch PEP\u00ae das Selbstwertgef\u00fchl gest\u00e4rkt und eine gesunde Identit\u00e4t gef\u00f6rdert, indem sogenannte Selbstwertr\u00e4uber in Selbstwertspender umgewandelt werden. Das gezielte Selbstwerttraining mit PEP\u00ae zielt darauf ab, das Selbstwertgef\u00fchl zu steigern und eine gesunde Selbstwahrnehmung zu entwickeln.<\/p>\t\t\t\t\t\t\t\t<\/div>\n\t\t\t\t<\/div>\n\t\t\t\t<div class=\"elementor-element elementor-element-074e71c elementor-widget-divider--view-line elementor-widget elementor-widget-divider\" data-id=\"074e71c\" data-element_type=\"widget\" data-e-type=\"widget\" data-widget_type=\"divider.default\">\n\t\t\t\t<div class=\"elementor-widget-container\">\n\t\t\t\t\t\t\t<div class=\"elementor-divider\">\n\t\t\t<span class=\"elementor-divider-separator\">\n\t\t\t\t\t\t<\/span>\n\t\t<\/div>\n\t\t\t\t\t\t<\/div>\n\t\t\t\t<\/div>\n\t\t\t\t<div class=\"elementor-element elementor-element-4f7115d elementor-widget elementor-widget-text-editor\" data-id=\"4f7115d\" data-element_type=\"widget\" data-e-type=\"widget\" data-widget_type=\"text-editor.default\">\n\t\t\t\t<div class=\"elementor-widget-container\">\n\t\t\t\t\t\t\t\t\t<p>Besonders wirksam ist PEP\u00ae bei der Bew\u00e4ltigung von \u00c4ngsten (wie Pr\u00fcfungsangst, Auftrittsangst, Flugangst, Angst vor Kritik, Erfolg oder Misserfolg), aber auch bei der \u00dcberwindung von belastenden Denkmustern und negativen Glaubenss\u00e4tzen. PEP\u00ae tr\u00e4gt effektiv dazu bei, psychische Blockaden zu l\u00f6sen, den Stresspegel zu senken und eine schnellere Entspannung zu f\u00f6rdern.<\/p><p>F\u00fcr die Selbstwertsteigerung umfasst PEP\u00ae \u00dcbungen, die hartn\u00e4ckige Glaubenss\u00e4tze und Selbstzweifel transformieren. Glaubenss\u00e4tze wie \u201eIch bin nicht gut genug\u201c oder \u201eIch schaffe das nie\u201c k\u00f6nnen durch gezielte Klopftechniken ver\u00e4ndert werden, was zu einer nachhaltigen St\u00e4rkung des Selbstwertgef\u00fchls f\u00fchrt.<\/p><p>PEP\u00ae bietet eine schnelle, effektive und nachhaltige L\u00f6sung f\u00fcr diejenigen, die kurzfristig Ergebnisse erzielen wollen. Schon nach wenigen Sitzungen \u2013 in manchen F\u00e4llen innerhalb von nur einer Sitzung \u2013 k\u00f6nnen Klientinnen und Klienten sp\u00fcrbare Ver\u00e4nderungen erleben.<\/p><p>Ein weiteres Merkmal von PEP\u00ae ist die Integration von Leichtigkeit und Humor. Diese Komponenten machen den Prozess f\u00fcr Klientinnen und Klienten angenehmer und f\u00f6rdern eine schnelle emotionale Entlastung.<\/p>\t\t\t\t\t\t\t\t<\/div>\n\t\t\t\t<\/div>\n\t\t\t\t<\/div>\n\t\t\t\t\t<\/div>\n\t\t\t\t<\/div>\n\t\t<div class=\"elementor-element elementor-element-fe44d4c e-grid e-con-boxed e-con e-parent\" data-id=\"fe44d4c\" data-element_type=\"container\" data-e-type=\"container\" data-settings=\"{&quot;background_background&quot;:&quot;classic&quot;}\">\n\t\t\t\t\t<div class=\"e-con-inner\">\n\t\t<div class=\"elementor-element elementor-element-77862a7 e-con-full e-flex e-con e-child\" data-id=\"77862a7\" data-element_type=\"container\" data-e-type=\"container\">\n\t\t\t\t<div class=\"elementor-element elementor-element-1d0cb4a elementor-widget elementor-widget-heading\" data-id=\"1d0cb4a\" data-element_type=\"widget\" data-e-type=\"widget\" data-widget_type=\"heading.default\">\n\t\t\t\t<div class=\"elementor-widget-container\">\n\t\t\t\t\t<h2 class=\"elementor-heading-title elementor-size-default\">Die PEP\u00ae-Klopfmethode und Stressreduzierung<\/h2>\t\t\t\t<\/div>\n\t\t\t\t<\/div>\n\t\t\t\t<div class=\"elementor-element elementor-element-be60a07 elementor-widget elementor-widget-text-editor\" data-id=\"be60a07\" data-element_type=\"widget\" data-e-type=\"widget\" data-widget_type=\"text-editor.default\">\n\t\t\t\t<div class=\"elementor-widget-container\">\n\t\t\t\t\t\t\t\t\t<p>Bei chronischem Stress wird das Blut vom Kopf in die Extremit\u00e4ten umgeleitet, um uns auf eine m\u00f6gliche \u201eFight-or-Flight\u201c-Reaktion vorzubereiten. Diese k\u00f6rperliche Ver\u00e4nderung schr\u00e4nkt die F\u00e4higkeit zum klaren Denken ein, da das Gehirn in diesem Moment nicht in der Lage ist, rationale Entscheidungen zu treffen. Unsere inneren Ressourcen stehen uns dann nicht mehr zur Verf\u00fcgung.<\/p><p>Das Klopfen zielt darauf ab, diesen Zustand zu mildern oder aufzul\u00f6sen, indem es eine Art \u201eReset\u201c der emotionalen Reaktion bewirkt.<\/p><p>Die Amygdala, die eine zentrale Rolle bei der Verarbeitung von Emotionen und der Stressbew\u00e4ltigung spielt, wird durch das Klopfen stimuliert. Die PEP\u00ae-Klopfmethode beruhigt die Amygdala, was zu einer Reduzierung von Angst und Stress f\u00fchrt.<\/p><p>Die PEP\u00ae-Klopfmethode bietet eine vielversprechende Unterst\u00fctzung im Umgang mit den Auswirkungen chronischen Stresses und tr\u00e4gt dazu bei, das emotionale Gleichgewicht wiederherzustellen, die Resilienz zu st\u00e4rken und langfristige, positive Ver\u00e4nderungen im Leben der Klientinnen und Klienten zu erm\u00f6glichen.<\/p>\t\t\t\t\t\t\t\t<\/div>\n\t\t\t\t<\/div>\n\t\t<div class=\"elementor-element elementor-element-875dc1e e-grid e-con-full e-con e-child\" data-id=\"875dc1e\" data-element_type=\"container\" data-e-type=\"container\">\n\t\t\t\t<div class=\"elementor-element elementor-element-690a89b elementor-widget elementor-widget-image\" data-id=\"690a89b\" data-element_type=\"widget\" data-e-type=\"widget\" data-widget_type=\"image.default\">\n\t\t\t\t<div class=\"elementor-widget-container\">\n\t\t\t\t\t\t\t\t\t\t\t\t\t\t\t<img fetchpriority=\"high\" decoding=\"async\" width=\"800\" height=\"520\" src=\"https:\/\/bewusst-erschaffen.com\/wp-content\/uploads\/2025\/04\/PEP-FUERS-WEB-07.png\" class=\"attachment-large size-large wp-image-710\" alt=\"\" srcset=\"https:\/\/bewusst-erschaffen.com\/wp-content\/uploads\/2025\/04\/PEP-FUERS-WEB-07.png 800w, https:\/\/bewusst-erschaffen.com\/wp-content\/uploads\/2025\/04\/PEP-FUERS-WEB-07-300x195.png 300w, https:\/\/bewusst-erschaffen.com\/wp-content\/uploads\/2025\/04\/PEP-FUERS-WEB-07-768x499.png 768w, https:\/\/bewusst-erschaffen.com\/wp-content\/uploads\/2025\/04\/PEP-FUERS-WEB-07-676x439.png 676w\" sizes=\"(max-width: 800px) 100vw, 800px\" \/>\t\t\t\t\t\t\t\t\t\t\t\t\t\t\t<\/div>\n\t\t\t\t<\/div>\n\t\t\t\t<div class=\"elementor-element elementor-element-b03c98f elementor-widget elementor-widget-image\" data-id=\"b03c98f\" data-element_type=\"widget\" data-e-type=\"widget\" data-widget_type=\"image.default\">\n\t\t\t\t<div class=\"elementor-widget-container\">\n\t\t\t\t\t\t\t\t\t\t\t\t\t\t\t<img decoding=\"async\" width=\"800\" height=\"520\" src=\"https:\/\/bewusst-erschaffen.com\/wp-content\/uploads\/2025\/04\/PEP-FUERS-WEB-08.png\" class=\"attachment-large size-large wp-image-711\" alt=\"\" srcset=\"https:\/\/bewusst-erschaffen.com\/wp-content\/uploads\/2025\/04\/PEP-FUERS-WEB-08.png 800w, https:\/\/bewusst-erschaffen.com\/wp-content\/uploads\/2025\/04\/PEP-FUERS-WEB-08-300x195.png 300w, https:\/\/bewusst-erschaffen.com\/wp-content\/uploads\/2025\/04\/PEP-FUERS-WEB-08-768x499.png 768w, https:\/\/bewusst-erschaffen.com\/wp-content\/uploads\/2025\/04\/PEP-FUERS-WEB-08-676x439.png 676w\" sizes=\"(max-width: 800px) 100vw, 800px\" \/>\t\t\t\t\t\t\t\t\t\t\t\t\t\t\t<\/div>\n\t\t\t\t<\/div>\n\t\t\t\t<div class=\"elementor-element elementor-element-affe339 elementor-widget elementor-widget-image\" data-id=\"affe339\" data-element_type=\"widget\" data-e-type=\"widget\" data-widget_type=\"image.default\">\n\t\t\t\t<div class=\"elementor-widget-container\">\n\t\t\t\t\t\t\t\t\t\t\t\t\t\t\t<img decoding=\"async\" width=\"800\" height=\"520\" src=\"https:\/\/bewusst-erschaffen.com\/wp-content\/uploads\/2025\/04\/PEP-FUERS-WEB-09.png\" class=\"attachment-large size-large wp-image-712\" alt=\"\" srcset=\"https:\/\/bewusst-erschaffen.com\/wp-content\/uploads\/2025\/04\/PEP-FUERS-WEB-09.png 800w, https:\/\/bewusst-erschaffen.com\/wp-content\/uploads\/2025\/04\/PEP-FUERS-WEB-09-300x195.png 300w, https:\/\/bewusst-erschaffen.com\/wp-content\/uploads\/2025\/04\/PEP-FUERS-WEB-09-768x499.png 768w, https:\/\/bewusst-erschaffen.com\/wp-content\/uploads\/2025\/04\/PEP-FUERS-WEB-09-676x439.png 676w\" sizes=\"(max-width: 800px) 100vw, 800px\" \/>\t\t\t\t\t\t\t\t\t\t\t\t\t\t\t<\/div>\n\t\t\t\t<\/div>\n\t\t\t\t<div class=\"elementor-element elementor-element-8681f9d elementor-widget elementor-widget-image\" data-id=\"8681f9d\" data-element_type=\"widget\" data-e-type=\"widget\" data-widget_type=\"image.default\">\n\t\t\t\t<div class=\"elementor-widget-container\">\n\t\t\t\t\t\t\t\t\t\t\t\t\t\t\t<img loading=\"lazy\" decoding=\"async\" width=\"800\" height=\"520\" src=\"https:\/\/bewusst-erschaffen.com\/wp-content\/uploads\/2025\/04\/PEP-FUERS-WEB-10.png\" class=\"attachment-large size-large wp-image-713\" alt=\"\" srcset=\"https:\/\/bewusst-erschaffen.com\/wp-content\/uploads\/2025\/04\/PEP-FUERS-WEB-10.png 800w, https:\/\/bewusst-erschaffen.com\/wp-content\/uploads\/2025\/04\/PEP-FUERS-WEB-10-300x195.png 300w, https:\/\/bewusst-erschaffen.com\/wp-content\/uploads\/2025\/04\/PEP-FUERS-WEB-10-768x499.png 768w, https:\/\/bewusst-erschaffen.com\/wp-content\/uploads\/2025\/04\/PEP-FUERS-WEB-10-676x439.png 676w\" sizes=\"(max-width: 800px) 100vw, 800px\" \/>\t\t\t\t\t\t\t\t\t\t\t\t\t\t\t<\/div>\n\t\t\t\t<\/div>\n\t\t\t\t<div class=\"elementor-element elementor-element-9f9a6b7 elementor-widget elementor-widget-image\" data-id=\"9f9a6b7\" data-element_type=\"widget\" data-e-type=\"widget\" data-widget_type=\"image.default\">\n\t\t\t\t<div class=\"elementor-widget-container\">\n\t\t\t\t\t\t\t\t\t\t\t\t\t\t\t<img loading=\"lazy\" decoding=\"async\" width=\"800\" height=\"520\" src=\"https:\/\/bewusst-erschaffen.com\/wp-content\/uploads\/2025\/04\/PEP-FUERS-WEB-11.png\" class=\"attachment-large size-large wp-image-714\" alt=\"\" srcset=\"https:\/\/bewusst-erschaffen.com\/wp-content\/uploads\/2025\/04\/PEP-FUERS-WEB-11.png 800w, https:\/\/bewusst-erschaffen.com\/wp-content\/uploads\/2025\/04\/PEP-FUERS-WEB-11-300x195.png 300w, https:\/\/bewusst-erschaffen.com\/wp-content\/uploads\/2025\/04\/PEP-FUERS-WEB-11-768x499.png 768w, https:\/\/bewusst-erschaffen.com\/wp-content\/uploads\/2025\/04\/PEP-FUERS-WEB-11-676x439.png 676w\" sizes=\"(max-width: 800px) 100vw, 800px\" \/>\t\t\t\t\t\t\t\t\t\t\t\t\t\t\t<\/div>\n\t\t\t\t<\/div>\n\t\t\t\t<div class=\"elementor-element elementor-element-5b454ec elementor-widget elementor-widget-image\" data-id=\"5b454ec\" data-element_type=\"widget\" data-e-type=\"widget\" data-widget_type=\"image.default\">\n\t\t\t\t<div class=\"elementor-widget-container\">\n\t\t\t\t\t\t\t\t\t\t\t\t\t\t\t<img loading=\"lazy\" decoding=\"async\" width=\"800\" height=\"520\" src=\"https:\/\/bewusst-erschaffen.com\/wp-content\/uploads\/2025\/04\/PEP-FUERS-WEB-05.png\" class=\"attachment-large size-large wp-image-715\" alt=\"\" srcset=\"https:\/\/bewusst-erschaffen.com\/wp-content\/uploads\/2025\/04\/PEP-FUERS-WEB-05.png 800w, https:\/\/bewusst-erschaffen.com\/wp-content\/uploads\/2025\/04\/PEP-FUERS-WEB-05-300x195.png 300w, https:\/\/bewusst-erschaffen.com\/wp-content\/uploads\/2025\/04\/PEP-FUERS-WEB-05-768x499.png 768w, https:\/\/bewusst-erschaffen.com\/wp-content\/uploads\/2025\/04\/PEP-FUERS-WEB-05-676x439.png 676w\" sizes=\"(max-width: 800px) 100vw, 800px\" \/>\t\t\t\t\t\t\t\t\t\t\t\t\t\t\t<\/div>\n\t\t\t\t<\/div>\n\t\t\t\t<\/div>\n\t\t\t\t<\/div>\n\t\t\t\t\t<\/div>\n\t\t\t\t<\/div>\n\t\t<div class=\"elementor-element elementor-element-9d83171 e-grid e-con-boxed e-con e-parent\" data-id=\"9d83171\" data-element_type=\"container\" data-e-type=\"container\" data-settings=\"{&quot;background_background&quot;:&quot;classic&quot;}\">\n\t\t\t\t\t<div class=\"e-con-inner\">\n\t\t<div class=\"elementor-element elementor-element-7066c58 e-con-full e-flex e-con e-child\" data-id=\"7066c58\" data-element_type=\"container\" data-e-type=\"container\" data-settings=\"{&quot;background_background&quot;:&quot;classic&quot;}\">\n\t\t<div class=\"elementor-element elementor-element-e6d2683 e-con-full e-flex e-con e-child\" data-id=\"e6d2683\" data-element_type=\"container\" data-e-type=\"container\">\n\t\t\t\t<div class=\"elementor-element elementor-element-b10a2a7 elementor-widget elementor-widget-heading\" data-id=\"b10a2a7\" data-element_type=\"widget\" data-e-type=\"widget\" data-widget_type=\"heading.default\">\n\t\t\t\t<div class=\"elementor-widget-container\">\n\t\t\t\t\t<h2 class=\"elementor-heading-title elementor-size-default\">\u00bb<\/h2>\t\t\t\t<\/div>\n\t\t\t\t<\/div>\n\t\t\t\t<\/div>\n\t\t<div class=\"elementor-element elementor-element-e483593 e-flex e-con-boxed e-con e-child\" data-id=\"e483593\" data-element_type=\"container\" data-e-type=\"container\">\n\t\t\t\t\t<div class=\"e-con-inner\">\n\t\t\t\t<div class=\"elementor-element elementor-element-4ac4c01 elementor-widget elementor-widget-text-editor\" data-id=\"4ac4c01\" data-element_type=\"widget\" data-e-type=\"widget\" data-widget_type=\"text-editor.default\">\n\t\t\t\t<div class=\"elementor-widget-container\">\n\t\t\t\t\t\t\t\t\t<p>Der K\u00f6rper ist die B\u00fchne der Gef\u00fchle.<\/p>\t\t\t\t\t\t\t\t<\/div>\n\t\t\t\t<\/div>\n\t\t\t\t\t<\/div>\n\t\t\t\t<\/div>\n\t\t<div class=\"elementor-element elementor-element-de99fd2 e-con-full e-flex e-con e-child\" data-id=\"de99fd2\" data-element_type=\"container\" data-e-type=\"container\">\n\t\t\t\t<div class=\"elementor-element elementor-element-a0c2502 elementor-widget elementor-widget-heading\" data-id=\"a0c2502\" data-element_type=\"widget\" data-e-type=\"widget\" data-widget_type=\"heading.default\">\n\t\t\t\t<div class=\"elementor-widget-container\">\n\t\t\t\t\t<h2 class=\"elementor-heading-title elementor-size-default\">\u00ab<\/h2>\t\t\t\t<\/div>\n\t\t\t\t<\/div>\n\t\t\t\t<\/div>\n\t\t\t\t<\/div>\n\t\t<div class=\"elementor-element elementor-element-6eaba14 e-grid e-con-full e-con e-child\" data-id=\"6eaba14\" data-element_type=\"container\" data-e-type=\"container\">\n\t\t\t\t<div class=\"elementor-element elementor-element-7d89e14 elementor-widget elementor-widget-text-editor\" data-id=\"7d89e14\" data-element_type=\"widget\" data-e-type=\"widget\" data-widget_type=\"text-editor.default\">\n\t\t\t\t<div class=\"elementor-widget-container\">\n\t\t\t\t\t\t\t\t\t<p class=\"Textbody\"><span class=\"StrongEmphasis\">Ant\u00f3nio Dam\u00e1sio (Neurowissenschaftler)<\/span><\/p>\t\t\t\t\t\t\t\t<\/div>\n\t\t\t\t<\/div>\n\t\t\t\t<\/div>\n\t\t\t\t\t<\/div>\n\t\t\t\t<\/div>\n\t\t\t\t<\/div>\n\t\t","protected":false},"excerpt":{"rendered":"<p>PEP\u00ae-Klopftherapie im Coaching Prozess- und Embodimentfokussierte Psychologie nach Dr. Med. Michael Bohne Mit Humor, Zuversicht und Leichtigkeit \u2013 schnell, effizient und nachhaltig zu positiven Ver\u00e4nderungen in allen Lebensbereichen Die PEP\u00ae-Klopfmethode, entwickelt von Dr. med. Michael Bohne, ist eine ganzheitliche, moderne und hochwirksame Technik, die die Selbstwirksamkeit st\u00e4rkt und sich hervorragend in Psychotherapie, Coaching, Stressmedizin, psychosomatische [&hellip;]<\/p>\n","protected":false},"author":1,"featured_media":0,"parent":0,"menu_order":0,"comment_status":"closed","ping_status":"closed","template":"elementor_header_footer","meta":{"footnotes":""},"class_list":["post-701","page","type-page","status-publish","hentry"],"_links":{"self":[{"href":"https:\/\/bewusst-erschaffen.com\/start\/wp-json\/wp\/v2\/pages\/701","targetHints":{"allow":["GET"]}}],"collection":[{"href":"https:\/\/bewusst-erschaffen.com\/start\/wp-json\/wp\/v2\/pages"}],"about":[{"href":"https:\/\/bewusst-erschaffen.com\/start\/wp-json\/wp\/v2\/types\/page"}],"author":[{"embeddable":true,"href":"https:\/\/bewusst-erschaffen.com\/start\/wp-json\/wp\/v2\/users\/1"}],"replies":[{"embeddable":true,"href":"https:\/\/bewusst-erschaffen.com\/start\/wp-json\/wp\/v2\/comments?post=701"}],"version-history":[{"count":55,"href":"https:\/\/bewusst-erschaffen.com\/start\/wp-json\/wp\/v2\/pages\/701\/revisions"}],"predecessor-version":[{"id":2108,"href":"https:\/\/bewusst-erschaffen.com\/start\/wp-json\/wp\/v2\/pages\/701\/revisions\/2108"}],"wp:attachment":[{"href":"https:\/\/bewusst-erschaffen.com\/start\/wp-json\/wp\/v2\/media?parent=701"}],"curies":[{"name":"wp","href":"https:\/\/api.w.org\/{rel}","templated":true}]}}