{"id":850,"date":"2025-04-08T13:23:13","date_gmt":"2025-04-08T13:23:13","guid":{"rendered":"https:\/\/bewusst-erschaffen.com\/?page_id=850"},"modified":"2025-05-03T14:47:33","modified_gmt":"2025-05-03T14:47:33","slug":"rezensionen04","status":"publish","type":"page","link":"https:\/\/bewusst-erschaffen.com\/start\/rezensionen04\/","title":{"rendered":"Rezensionen04"},"content":{"rendered":"\t\t<div data-elementor-type=\"wp-post\" data-elementor-id=\"850\" class=\"elementor elementor-850\" data-elementor-post-type=\"page\">\n\t\t\t\t<div class=\"elementor-element elementor-element-dbb6bd7 e-grid e-con-boxed e-con e-parent\" data-id=\"dbb6bd7\" data-element_type=\"container\" data-e-type=\"container\" data-settings=\"{&quot;background_background&quot;:&quot;classic&quot;}\">\n\t\t\t\t\t<div class=\"e-con-inner\">\n\t\t<div class=\"elementor-element elementor-element-fc58b98 e-con-full e-grid e-con e-child\" data-id=\"fc58b98\" data-element_type=\"container\" data-e-type=\"container\">\n\t\t\t\t<div class=\"elementor-element elementor-element-5db82e9 elementor-widget elementor-widget-heading\" data-id=\"5db82e9\" data-element_type=\"widget\" data-e-type=\"widget\" data-widget_type=\"heading.default\">\n\t\t\t\t<div class=\"elementor-widget-container\">\n\t\t\t\t\t<h2 class=\"elementor-heading-title elementor-size-default\"><a href=\"https:\/\/bewusst-erschaffen.com\/rezensionen01\/\">Kundenrezensionen<\/a><\/h2>\t\t\t\t<\/div>\n\t\t\t\t<\/div>\n\t\t\t\t<div class=\"elementor-element elementor-element-1a57611 elementor-widget elementor-widget-text-editor\" data-id=\"1a57611\" data-element_type=\"widget\" data-e-type=\"widget\" data-widget_type=\"text-editor.default\">\n\t\t\t\t<div class=\"elementor-widget-container\">\n\t\t\t\t\t\t\t\t\t<p style=\"text-align: right;\">Seite 4\/8<\/p>\t\t\t\t\t\t\t\t<\/div>\n\t\t\t\t<\/div>\n\t\t\t\t<\/div>\n\t\t<div class=\"elementor-element elementor-element-e69b298 e-con-full e-flex e-con e-child\" data-id=\"e69b298\" data-element_type=\"container\" data-e-type=\"container\">\n\t\t\t\t<div class=\"elementor-element elementor-element-10529e4 elementor-widget elementor-widget-text-editor\" data-id=\"10529e4\" data-element_type=\"widget\" data-e-type=\"widget\" data-widget_type=\"text-editor.default\">\n\t\t\t\t<div class=\"elementor-widget-container\">\n\t\t\t\t\t\t\t\t\t<p>Da der Schutz Ihrer Privatsph\u00e4re f\u00fcr mich h\u00f6chste Priorit\u00e4t hat, bitte ich meine Klientinnen und Klienten, ihre Rezensionen mit ihrem Vornamen, einem Pseudonym oder nur mit Initialen zu unterzeichnen.<\/p>\t\t\t\t\t\t\t\t<\/div>\n\t\t\t\t<\/div>\n\t\t\t\t<\/div>\n\t\t\t\t\t<\/div>\n\t\t\t\t<\/div>\n\t\t<div class=\"elementor-element elementor-element-fe44d4c e-grid e-con-boxed e-con e-parent\" data-id=\"fe44d4c\" data-element_type=\"container\" data-e-type=\"container\" data-settings=\"{&quot;background_background&quot;:&quot;classic&quot;}\">\n\t\t\t\t\t<div class=\"e-con-inner\">\n\t\t<div class=\"elementor-element elementor-element-77862a7 e-con-full e-flex e-con e-child\" data-id=\"77862a7\" data-element_type=\"container\" data-e-type=\"container\">\n\t\t\t\t<div class=\"elementor-element elementor-element-be60a07 elementor-widget elementor-widget-text-editor\" data-id=\"be60a07\" data-element_type=\"widget\" data-e-type=\"widget\" data-widget_type=\"text-editor.default\">\n\t\t\t\t<div class=\"elementor-widget-container\">\n\t\t\t\t\t\t\t\t\t<p>Liebe Snjezana,<\/p><p>Unsere zweite Hypnose-Sitzung war vertrauter und intensiver als die Erste. Du hast wunderbar Rapport hergestellt, nachdem ich emotional so aufgew\u00fchlt und durcheinander war. Du hast mich runtergeholt und beruhigt. Das fand ich gro\u00dfartig! Danke von Herzen daf\u00fcr!<\/p><p>Ich war diesmal noch tiefer in der Hypnose und habe dich jederzeit genau geh\u00f6rt. Das, was f\u00fcr mich neu war \u2013 w\u00e4hrend der Hypnose habe ich mehrere Male mitten in der Sitzung die Augen ge\u00f6ffnet, und wieder zu gemacht, was mich nicht aus der Hypnose rausgeworfen, sonder noch tiefer gebracht hat.<\/p><p>Du hast mich gut gef\u00fchrt mit deinen wertvollen Fragen, ich war jeder Zeit in Sicherheit und im Vertrauen, richtig kompetent und wohlwollend gef\u00fchrt zu werden.<\/p><p>Du bist eine wundersch\u00f6ne, faszinierende Frau, die ihren eigenen Weg geht, das beeindruckt mich und macht dein Wirken au\u00dfergew\u00f6hnlich. Dein Alleinstellungsmerkmal: Deine rote Haare und die Kleidung, der Mensch Snjezana, die kreative.<\/p><p>Du hast professionell, wertsch\u00e4tzend und respektvoll durch die Hypnose gef\u00fchrt, mit wunderbaren und lebenswichtigen Ergebnissen, wie z.B. Schuld und Scham Gef\u00fchle aufl\u00f6sen.<\/p><p>Du hattest stets unser Coaching-Thema im Auge und hast auch meine W\u00fcnsche, die ich Anfang der zweiten Sitzung genannt habe, ber\u00fccksichtigt.<\/p><p>Du hast mir den Raum gegeben, ich zu sein, aktiv mitzuarbeiten und sehr einf\u00fchlsam und professionell gearbeitet.<\/p><p>Eine gro\u00dfartige und wertvolle Arbeit f\u00fcr viele Menschen, die ganz schnell in ihre Kraft kommen wollen.<\/p><p>Ich danke Dir f\u00fcr alles und w\u00fcnsche Dir eine wunderbare Zeit.<\/p><p>Sch\u00f6nes Wochenende.<br \/>Diana<\/p>\t\t\t\t\t\t\t\t<\/div>\n\t\t\t\t<\/div>\n\t\t\t\t<\/div>\n\t\t\t\t\t<\/div>\n\t\t\t\t<\/div>\n\t\t<div class=\"elementor-element elementor-element-3766924 e-grid e-con-boxed e-con e-parent\" data-id=\"3766924\" data-element_type=\"container\" data-e-type=\"container\" data-settings=\"{&quot;background_background&quot;:&quot;classic&quot;}\">\n\t\t\t\t\t<div class=\"e-con-inner\">\n\t\t<div class=\"elementor-element elementor-element-dfbe796 e-con-full e-flex e-con e-child\" data-id=\"dfbe796\" data-element_type=\"container\" data-e-type=\"container\">\n\t\t\t\t<div class=\"elementor-element elementor-element-0112c24 elementor-widget elementor-widget-text-editor\" data-id=\"0112c24\" data-element_type=\"widget\" data-e-type=\"widget\" data-widget_type=\"text-editor.default\">\n\t\t\t\t<div class=\"elementor-widget-container\">\n\t\t\t\t\t\t\t\t\t<p>Liebe Snje\u017eana,<br \/>f\u00fcr deine Hypnose-Sitzung m\u00f6chte ich dir von Herzen danken.<\/p><p>Durch dich wurde ein Raum f\u00fcr mich ge\u00f6ffnet, den ich alleine nicht betreten h\u00e4tte. Deine Begleitung und dein Sein haben mir dies erm\u00f6glicht. Daf\u00fcr danke ich dir sehr.<\/p><p>Ich kann dich aus ganzem Herzen weiterempfehlen. Deine offene und entgegenkommende Art ist so wohltuend. Du bist ein Segen mit deinem Tun.<\/p><p>Alles Liebe<br \/>Marianne<\/p>\t\t\t\t\t\t\t\t<\/div>\n\t\t\t\t<\/div>\n\t\t\t\t<\/div>\n\t\t\t\t\t<\/div>\n\t\t\t\t<\/div>\n\t\t<div class=\"elementor-element elementor-element-c56ac56 e-grid e-con-boxed e-con e-parent\" data-id=\"c56ac56\" data-element_type=\"container\" data-e-type=\"container\" data-settings=\"{&quot;background_background&quot;:&quot;classic&quot;}\">\n\t\t\t\t\t<div class=\"e-con-inner\">\n\t\t<div class=\"elementor-element elementor-element-00b46e8 e-con-full e-flex e-con e-child\" data-id=\"00b46e8\" data-element_type=\"container\" data-e-type=\"container\">\n\t\t\t\t<div class=\"elementor-element elementor-element-80fad8b elementor-widget elementor-widget-text-editor\" data-id=\"80fad8b\" data-element_type=\"widget\" data-e-type=\"widget\" data-widget_type=\"text-editor.default\">\n\t\t\t\t<div class=\"elementor-widget-container\">\n\t\t\t\t\t\t\t\t\t<p>Liebe Snje\u017eana,<\/p><p>Deine fundierte Begleitung auf meinem Transformations &#8211; &amp; Heilungsweg und das liebevolle &amp; konsequente \u201ewachr\u00fctteln&#8220; setzen die Ver\u00e4nderungen in mir frei, um mir meiner Sch\u00f6pfungskraft (wieder) bewusst zu werden, diese achtsam &amp; mit Lebensfreude aktiv zu leben und in allen Lebensbereichen erf\u00fcllt meinen Herzensweg zu gehen\u00a0<\/p><p>\u2013 zu meinem Wohle &amp; zum Wohle aller !!<\/p><p>Du best\u00e4rkst mich darin ins Handeln zu kommen &amp; geduldig, f\u00fchlend zu verstehen und im festen Glauben daran, dass ich alles (er-)schaffen kann, nach vorne gerichtet bewusst, klar &amp; mutig meine (neuen) Absichten zum Ausdruck zu bringen !!<\/p><p>Du hast die Gabe, die Energien so zu kanalisieren &amp; zu fokussieren damit bestehende Blockaden&#8220; aus meinem Unterbewusstsein sichtbar \/ erf\u00fchlt \/ erkannt und, im n\u00e4chsten Schritt, an der Wurzel gel\u00f6st &amp; transformiert werden, damit alles in mir wieder ins Flie\u00dfen kommt und ich, mit \u201eneuen&#8220; Absichten, mein WUNDERvolles zuk\u00fcnftiges Leben erschaffen kann !!<\/p><p>Deine wertsch\u00e4tzende, kraftvolle, professionelle &amp; motivierende Begleitung ist ein wahrer Segen ein gro\u00dfes Geschenk wof\u00fcr ich von Herzen dankbar bin !!<\/p><p>M\u00f6gen so viele Menschen wie m\u00f6glich &#8211; jetzt &amp; zuk\u00fcnftig auf Dich \/ Deine kraftvolle Energie aufmerksam werden &amp; sich bewusst daf\u00fcr entscheiden, sich von Dir begleiten zu lassen und diese klare Absicht in sich zu f\u00fchlen &#8211; hin, zu sich selbst !!<\/p><p>Gottes Segen und alles Liebe f\u00fcr Dich &amp; Deinen Herzensweg,<br \/>Ellen<\/p>\t\t\t\t\t\t\t\t<\/div>\n\t\t\t\t<\/div>\n\t\t\t\t<\/div>\n\t\t\t\t\t<\/div>\n\t\t\t\t<\/div>\n\t\t<div class=\"elementor-element elementor-element-5cf1ad9 e-grid e-con-boxed e-con e-parent\" data-id=\"5cf1ad9\" data-element_type=\"container\" data-e-type=\"container\" data-settings=\"{&quot;background_background&quot;:&quot;classic&quot;}\">\n\t\t\t\t\t<div class=\"e-con-inner\">\n\t\t<div class=\"elementor-element elementor-element-b9ad4d4 e-con-full e-flex e-con e-child\" data-id=\"b9ad4d4\" data-element_type=\"container\" data-e-type=\"container\">\n\t\t\t\t<div class=\"elementor-element elementor-element-2cd32ea elementor-widget elementor-widget-text-editor\" data-id=\"2cd32ea\" data-element_type=\"widget\" data-e-type=\"widget\" data-widget_type=\"text-editor.default\">\n\t\t\t\t<div class=\"elementor-widget-container\">\n\t\t\t\t\t\t\t\t\t<p>\u0189ur\u0111a (elf Jahre alt) hatte Wunden an den F\u00fc\u00dfen. Sie hatte kein Selbstvertrauen, sie konnte sich weder verteidigen, noch f\u00fcr sich selbst zu stehen. Sie zweifelte an sich und ihren F\u00e4higkeiten, sie sch\u00e4mte sich f\u00fcr ihr Aussehen&#8230;<\/p><p>Nach nur einer Hypnose Sitzung hat sie angefangen, sich allm\u00e4hlich zu \u00e4ndern.<\/p><p>(2,5 Monate nach der Hypnose)<\/p><p>\u0189ur\u0111a hatte \u00c4ngste. Sie konnte nicht alleine in den Supermarkt und in die Schule gehen. Sie hatte gro\u00dfe Angst vor Hunden. Jetzt genie\u00dft sie es, alleine spazieren zu gehen. Hunde werden gestreichelt, aber vor Einigen von ihnen hat sie immer noch Respekt. Fr\u00fcher hatte sie Angst vor einem Hund namens Simba aus der Nachbarschaft. Vor ein paar Tagen hat sie sich neben ihn hingesetzt und ihn gestreichelt.<\/p><p>\u0189ur\u0111a ist jetzt voller Selbstvertrauen, sie verteidigt sich und k\u00e4mpft f\u00fcr sich selbst wie eine L\u00f6win. Sie ist sich ihrer F\u00e4higkeiten bewusst, und stolz auf ihr Aussehen&#8230; und das wichtigste, die Wunden an den F\u00fc\u00dfen haben sich v\u00f6llig zur\u00fcckgezogen.<\/p><p>Jeden Tag merke ich es, wie sie die Grenzen weiter verschiebt. Ich bin sehr stolz auf sie!\u00a0<\/p><p><strong>Originaltext:<\/strong> \u0189ur\u0111a (jedanaest godina) imala je rane na nogama. Nije imala samopouzdanja, nije mogla da se brani ni da stane za sebe. Sumnjala je u sebe i svoje sposobnosti, sramila se svog izgleda&#8230; Nakon samo jedne seanse hipnoze, po\u010dela je postepeno da se menja.<\/p><p>2,5 meseca nakon hipnoze:<\/p><p>\u0189ur\u0111a je imala strahove. Nije mogla da ide sama u prodavnicu niti u \u0161kolu. Imala je veliki strah od pasa. Sada u\u017eiva u \u0161etnjama sama. Pse sada mazi, ali prema nekima jo\u0161 uvek ima po\u0161tovanja. Ranije je imala strah od psa po imenu Simba iz kom\u0161iluka. Pre nekoliko dana je sela pored njega i pomazila ga. \u0189ur\u0111a sada ima puno samopouzdanja, brani se i bori za sebe kao lavica. Svesna je svojih sposobnosti i ponosna je na svoj izgled&#8230; i najva\u017enije, rane na nogama su se potpuno povukle. Svaki dan primetim kako pomera svoje granice. Ponosna sam na nju!<\/p>\t\t\t\t\t\t\t\t<\/div>\n\t\t\t\t<\/div>\n\t\t\t\t<\/div>\n\t\t\t\t\t<\/div>\n\t\t\t\t<\/div>\n\t\t<div class=\"elementor-element elementor-element-983bdf2 e-grid e-con-boxed e-con e-parent\" data-id=\"983bdf2\" data-element_type=\"container\" data-e-type=\"container\" data-settings=\"{&quot;background_background&quot;:&quot;classic&quot;}\">\n\t\t\t\t\t<div class=\"e-con-inner\">\n\t\t<div class=\"elementor-element elementor-element-698584a e-con-full e-flex e-con e-child\" data-id=\"698584a\" data-element_type=\"container\" data-e-type=\"container\">\n\t\t\t\t<div class=\"elementor-element elementor-element-7b52f3e elementor-widget elementor-widget-text-editor\" data-id=\"7b52f3e\" data-element_type=\"widget\" data-e-type=\"widget\" data-widget_type=\"text-editor.default\">\n\t\t\t\t<div class=\"elementor-widget-container\">\n\t\t\t\t\t\t\t\t\t<p>Liebe Snjezana,<br \/>nach deiner Hypnosesitzung das Gef\u00fchl zu haben, seiner Mutter zu verzeihen, die Wut zu verlieren und ein Gef\u00fchl der Gelassenheit zu erleben, ist eine tiefgreifende Erfahrung f\u00fcr mich. Es ist, als ob sich ein schwerer Knoten in meiner Brust gel\u00f6st h\u00e4tte, der mich lange Zeit belastet hat.<\/p><p>Deine Hypnose hat es mir erm\u00f6glicht, in einen tiefen Zustand der Entspannung einzutreten. In diesem Zustand tief verwurzelte Emotionen und \u00dcberzeugungen an die Oberfl\u00e4che zu bringen, die normalerweise im meinem Alltag unterdr\u00fcckt oder verdr\u00e4ngt werden, hast du mit Bravur hinbekommen.<\/p><p>Durch den Einsatz von deinen suggestiven Techniken kann ich positive Ver\u00e4nderungen sp\u00fcren und das nach dieser kurzen Zeit. In den n\u00e4chsten Tagen wird bestimmt noch einiges passieren und auch dar\u00fcber werde ich dich in Kenntnis setzten.<\/p><p>W\u00e4hrend der Hypnose war der Fokus auf meine emotionalen Belastungen gerichtet, die mit meiner Mutter, meiner Schwester und meinem Mann verbunden sind.<\/p><p>Durch deine gef\u00fchrte Visualisierung und suggestives Sprechen hast du mich meinem Ziel sehr nahe gebracht oder vielleicht schon dort ankommen lassen.<\/p><p>Es hat ferner dazu gef\u00fchrt, dass die Wut und der Groll langsam schwinden und schlie\u00dflich einem Gef\u00fchl der Vergebung Platz machen. Das ist mir nach meinem anschlie\u00dfenden Spaziergang bewusst geworden.<\/p><p>Die Gelassenheit, die ich nach der Hypnose empfunden habe ist kaum zu beschreiben. Ich f\u00fchle eine tiefere Selbstakzeptanz und von alten emotionalen Lasten befreit.<\/p><p>Die Dankbarkeit, die ich nach der Hypnose empfunden habe, ist mit Worten nicht zu beschreiben.<\/p><p>DANKE !!!!!!<\/p><p>Und \u2026 Das Gef\u00fchl der Erleichterung nach dieser Hypnosesitzung, zeigt mir, wie m\u00e4chtig die Verbindung zwischen Geist und Emotionen ist und wie tiefgreifend positive Ver\u00e4nderungen auf dieser Ebene sein k\u00f6nnen.<\/p><p>Ganz liebe Gr\u00fc\u00dfe<br \/>Iris<\/p>\t\t\t\t\t\t\t\t<\/div>\n\t\t\t\t<\/div>\n\t\t\t\t<\/div>\n\t\t\t\t\t<\/div>\n\t\t\t\t<\/div>\n\t\t<div class=\"elementor-element elementor-element-7d74d47 e-grid e-con-boxed e-con e-parent\" data-id=\"7d74d47\" data-element_type=\"container\" data-e-type=\"container\" data-settings=\"{&quot;background_background&quot;:&quot;classic&quot;}\">\n\t\t\t\t\t<div class=\"e-con-inner\">\n\t\t<div class=\"elementor-element elementor-element-d4d9a3a e-con-full e-flex e-con e-child\" data-id=\"d4d9a3a\" data-element_type=\"container\" data-e-type=\"container\">\n\t\t\t\t<div class=\"elementor-element elementor-element-7124c6e elementor-widget elementor-widget-heading\" data-id=\"7124c6e\" data-element_type=\"widget\" data-e-type=\"widget\" data-widget_type=\"heading.default\">\n\t\t\t\t<div class=\"elementor-widget-container\">\n\t\t\t\t\t<h2 class=\"elementor-heading-title elementor-size-default\">Mehr Kundenrezensionen<\/h2>\t\t\t\t<\/div>\n\t\t\t\t<\/div>\n\t\t\t\t<\/div>\n\t\t<div class=\"elementor-element elementor-element-d68dc01 e-con-full e-flex e-con e-child\" data-id=\"d68dc01\" data-element_type=\"container\" data-e-type=\"container\">\n\t\t\t\t<div class=\"elementor-element elementor-element-dbdba0f elementor-widget elementor-widget-eael-creative-button\" data-id=\"dbdba0f\" data-element_type=\"widget\" data-e-type=\"widget\" data-widget_type=\"eael-creative-button.default\">\n\t\t\t\t<div class=\"elementor-widget-container\">\n\t\t\t\t\t        <div class=\"eael-creative-button-wrapper\">\n\n            <a class=\"eael-creative-button eael-creative-button--default eael-cb-icon-position-left\" href=\"https:\/\/bewusst-erschaffen.com\/rezensionen03\/\" data-text=\"\">\n            \t    \n                <div class=\"creative-button-inner\">\n\n                                            <span class=\"eael-creative-button-icon-left\"><svg xmlns=\"http:\/\/www.w3.org\/2000\/svg\" id=\"Ebene_2\" viewBox=\"0 0 100 100\"><defs><style>      .st0 {        fill: #ffb9a8;      }    <\/style><\/defs><path class=\"st0\" d=\"M12.2,49.8c0,19.5,15.8,35.3,35.3,35.3s35.3-15.8,35.3-35.3c0-19.5-15.8-35.3-35.3-35.3S12.2,30.3,12.2,49.8ZM14.4,49.8c0-18.3,14.8-33,33-33s33,14.8,33,33c0,18.3-14.8,33-33,33S14.4,68,14.4,49.8Z\"><\/path><polygon class=\"st0\" points=\"47.5 25.7 22.5 49.7 47.5 73.8 50.1 71.1 29.9 51.6 72.4 51.6 72.4 47.9 30.2 47.9 50.1 28.2 47.5 25.7\"><\/polygon><\/svg><\/span>                    \n                    <span class=\"cretive-button-text\">Zur\u00fcck<\/span>\n\n                                    <\/div>\n\t                        <\/a>\n        <\/div>\n        \t\t\t\t<\/div>\n\t\t\t\t<\/div>\n\t\t\t\t<div class=\"elementor-element elementor-element-f865a28 elementor-widget elementor-widget-eael-creative-button\" data-id=\"f865a28\" data-element_type=\"widget\" data-e-type=\"widget\" data-widget_type=\"eael-creative-button.default\">\n\t\t\t\t<div class=\"elementor-widget-container\">\n\t\t\t\t\t        <div class=\"eael-creative-button-wrapper\">\n\n            <a class=\"eael-creative-button eael-creative-button--default eael-cb-icon-position-right\" href=\"https:\/\/bewusst-erschaffen.com\/rezensionen05\/\" data-text=\"\">\n            \t    \n                <div class=\"creative-button-inner\">\n\n                    \n                    <span class=\"cretive-button-text\">Vor<\/span>\n\n                                            <span class=\"eael-creative-button-icon-right\"><svg xmlns=\"http:\/\/www.w3.org\/2000\/svg\" id=\"Ebene_2\" viewBox=\"0 0 100 100\"><defs><style>      .st0 {        fill: #ffb9a8;      }    <\/style><\/defs><path class=\"st0\" d=\"M47.4,14.5c-19.5,0-35.3,15.8-35.3,35.3s15.8,35.3,35.3,35.3,35.3-15.8,35.3-35.3S66.9,14.5,47.4,14.5ZM47.4,82.8c-18.3,0-33-14.8-33-33S29.2,16.7,47.4,16.7s33,14.8,33,33-14.8,33-33,33Z\"><\/path><polygon class=\"st0\" points=\"47.4 25.7 72.4 49.7 47.4 73.8 44.8 71.1 64.9 51.6 22.5 51.6 22.5 47.9 64.7 47.9 44.8 28.2 47.4 25.7\"><\/polygon><\/svg><\/span>                                    <\/div>\n\t                        <\/a>\n        <\/div>\n        \t\t\t\t<\/div>\n\t\t\t\t<\/div>\n\t\t\t\t<\/div>\n\t\t\t\t\t<\/div>\n\t\t\t\t<\/div>\n\t\t\t\t<\/div>\n\t\t","protected":false},"excerpt":{"rendered":"<p>Kundenrezensionen Seite 4\/8 Da der Schutz Ihrer Privatsph\u00e4re f\u00fcr mich h\u00f6chste Priorit\u00e4t hat, bitte ich meine Klientinnen und Klienten, ihre Rezensionen mit ihrem Vornamen, einem Pseudonym oder nur mit Initialen zu unterzeichnen. Liebe Snjezana, Unsere zweite Hypnose-Sitzung war vertrauter und intensiver als die Erste. Du hast wunderbar Rapport hergestellt, nachdem ich emotional so aufgew\u00fchlt und [&hellip;]<\/p>\n","protected":false},"author":1,"featured_media":0,"parent":0,"menu_order":0,"comment_status":"closed","ping_status":"closed","template":"elementor_header_footer","meta":{"footnotes":""},"class_list":["post-850","page","type-page","status-publish","hentry"],"_links":{"self":[{"href":"https:\/\/bewusst-erschaffen.com\/start\/wp-json\/wp\/v2\/pages\/850","targetHints":{"allow":["GET"]}}],"collection":[{"href":"https:\/\/bewusst-erschaffen.com\/start\/wp-json\/wp\/v2\/pages"}],"about":[{"href":"https:\/\/bewusst-erschaffen.com\/start\/wp-json\/wp\/v2\/types\/page"}],"author":[{"embeddable":true,"href":"https:\/\/bewusst-erschaffen.com\/start\/wp-json\/wp\/v2\/users\/1"}],"replies":[{"embeddable":true,"href":"https:\/\/bewusst-erschaffen.com\/start\/wp-json\/wp\/v2\/comments?post=850"}],"version-history":[{"count":34,"href":"https:\/\/bewusst-erschaffen.com\/start\/wp-json\/wp\/v2\/pages\/850\/revisions"}],"predecessor-version":[{"id":1938,"href":"https:\/\/bewusst-erschaffen.com\/start\/wp-json\/wp\/v2\/pages\/850\/revisions\/1938"}],"wp:attachment":[{"href":"https:\/\/bewusst-erschaffen.com\/start\/wp-json\/wp\/v2\/media?parent=850"}],"curies":[{"name":"wp","href":"https:\/\/api.w.org\/{rel}","templated":true}]}}